{"id":92,"date":"2019-09-20T16:27:24","date_gmt":"2019-09-20T16:27:24","guid":{"rendered":"http:\/\/trommler.alexeria.de\/?post_type=product&#038;p=92"},"modified":"2021-03-07T14:31:39","modified_gmt":"2021-03-07T13:31:39","slug":"ich-befuhr-einen-fluss-bei-guenstigen-winden","status":"publish","type":"product","link":"https:\/\/der-andere-trommler.de\/?product=ich-befuhr-einen-fluss-bei-guenstigen-winden","title":{"rendered":"Ich befuhr einen Fluss bei g\u00fcnstigen Winden"},"content":{"rendered":"<p>Hier k\u00f6nnen Sie die gesamte Titelei (Cover, Titelseite, Impressum, Inhaltsverzeichnis, Vorwort) als pdf-Datei ansehen bzw. herunterladen:<br \/>\n<a href=\"https:\/\/shop06.der-andere-trommler.de\/wp-content\/uploads\/2019\/10\/week_titelei-und-vorwort.pdf\">Titelei &#8222;Ich befuhr einen Fluss bei g\u00fcnstigen Winden&#8220;<\/a><\/p>\n<p>&#8230;und hier ausschlie\u00dflich das Inhaltsverzeichnis:<br \/>\n<a href=\"https:\/\/www.der-andere-trommler.de\/wp-content\/uploads\/2017\/12\/week_inhaltsverzeichnis.pdf\">Inhaltsverzeichnis &#8222;Ich befuhr&#8230;&#8220;<\/a><\/p>\n<p>&nbsp;<\/p>\n","protected":false},"excerpt":{"rendered":"<p>Henry David Thoreau, einer weltweiten Leserschaft vor allem durch die Schilderung seines Lebensexperimentes <em>Walden oder Leben in den W\u00e4ldern<\/em> bekannt, verfasste in eben dieser Zur\u00fcckgezogenheit am Waldenteich sein erstes gr\u00f6\u00dferes Werk, <em>A Week on the Concord and Merrimack Rivers<\/em>. Dieses Buch z\u00e4hlt zum festen Bestand der klassischen amerikanischen Literatur und ist mit der vorliegenden \u00dcbersetzung nun auch dem deutschsprachigen Publikum zug\u00e4nglich. Thoreaus Gedanken, die er an die Flussfahrt kn\u00fcpft gleichsam wie Perlen an eine Perlenschnur, sind verbl\u00fcffend aktuell \u2013 er stellt zeitlose Fragen, die auch die Menschen von heute etwas angehen. Die Fl\u00fcsse Concord und Merrimack werden zur Metapher f\u00fcr alle Fl\u00fcsse und Gew\u00e4sser von der Antike bis zur Gegenwart und zum Sinnbild des Lebens schlechthin.<\/p>\n<p>&nbsp;<\/p>\n","protected":false},"featured_media":100,"template":"","meta":[],"product_brand":[],"product_cat":[20],"product_tag":[24,26,25,23],"class_list":{"0":"post-92","1":"product","2":"type-product","3":"status-publish","4":"has-post-thumbnail","6":"product_cat-thoreau","7":"product_tag-a-week","8":"product_tag-dt-erstausgabe","9":"product_tag-ich-befuhr-einen-fluss","10":"product_tag-thoreau","12":"first","13":"instock","14":"shipping-taxable","15":"purchasable","16":"product-type-simple"},"_links":{"self":[{"href":"https:\/\/der-andere-trommler.de\/index.php?rest_route=\/wp\/v2\/product\/92","targetHints":{"allow":["GET"]}}],"collection":[{"href":"https:\/\/der-andere-trommler.de\/index.php?rest_route=\/wp\/v2\/product"}],"about":[{"href":"https:\/\/der-andere-trommler.de\/index.php?rest_route=\/wp\/v2\/types\/product"}],"wp:featuredmedia":[{"embeddable":true,"href":"https:\/\/der-andere-trommler.de\/index.php?rest_route=\/wp\/v2\/media\/100"}],"wp:attachment":[{"href":"https:\/\/der-andere-trommler.de\/index.php?rest_route=%2Fwp%2Fv2%2Fmedia&parent=92"}],"wp:term":[{"taxonomy":"product_brand","embeddable":true,"href":"https:\/\/der-andere-trommler.de\/index.php?rest_route=%2Fwp%2Fv2%2Fproduct_brand&post=92"},{"taxonomy":"product_cat","embeddable":true,"href":"https:\/\/der-andere-trommler.de\/index.php?rest_route=%2Fwp%2Fv2%2Fproduct_cat&post=92"},{"taxonomy":"product_tag","embeddable":true,"href":"https:\/\/der-andere-trommler.de\/index.php?rest_route=%2Fwp%2Fv2%2Fproduct_tag&post=92"}],"curies":[{"name":"wp","href":"https:\/\/api.w.org\/{rel}","templated":true}]}}