{"id":320,"date":"2024-04-11T11:29:05","date_gmt":"2024-04-11T10:29:05","guid":{"rendered":"https:\/\/der-andere-trommler.de\/?post_type=product&#038;p=320"},"modified":"2024-04-11T11:56:55","modified_gmt":"2024-04-11T10:56:55","slug":"die-wunde-meines-lebens","status":"publish","type":"product","link":"https:\/\/der-andere-trommler.de\/?product=die-wunde-meines-lebens","title":{"rendered":"Die Wunde meines Lebens"},"content":{"rendered":"<div id=\"ember760\" class=\"ember-view\">\n<div>Ein Buch, dessen Existenz ein Wunder ist &#8211; so die Autorin \u00fcber dieses Buch.<\/div>\n<div><\/div>\n<div class=\"form-group \">Vorwort<br \/>\nDieses Buch m\u00f6chte ich allen widmen, die von sich selber denken, sie k\u00f6nnten nichts. Die auch wissen, dass sie nicht viel wollen. Dass sie kein gro\u00dfes Interesse an irgendetwas haben, weil sie keine Neugier und keinen Ehrgeiz besitzen. Mein Interesse besteht darin, dass alle so sein d\u00fcrfen! Dass alle so gelassen werden, wie sie sein wollen. Ohne Masken, ohne so tun zu m\u00fcssen, als wollten sie. Es gibt viele von uns! Viele, die nur Rollen in ihrem Leben auszuf\u00fcllen suchen, weil sie sonst keiner ernst nimmt. Ich m\u00f6chte, dass die Masken fallen d\u00fcrfen. Dass verletzbare, friedvolle, empfindsame Menschen darunter zum Vorschein<br \/>\nkommen d\u00fcrfen. Dass der Friede in uns Menschen einen verl\u00e4sslichen Ort findet, an dem er sein darf und sein sollte.<br \/>\nW\u00fcnschen w\u00fcrde ich mir, ich k\u00f6nnte von Anfang an schreiben, aber meine Erinnerung spielt sehr oft oder fast ausschlie\u00dflich mit mir Verstecken. Meine verlorenen Erinnerungen sind \u00fcberhaupt der Grund, weshalb ich meine kleinen, lebendigen Epis\u00f6dchen, die mir jetzt und heute im Ged\u00e4chtnis geblieben sind, aufschreibe. Ich schreibe hier meine Inventur, um mich vielleicht an das eine oder andere heranzutasten.<\/div>\n<\/div>\n","protected":false},"excerpt":{"rendered":"<div>Ein Buch, dessen Existenz ein Wunder ist &#8211; so die Autorin \u00fcber dieses Buch.<\/div>\n<div class=\"form-group \">Vorwort<br \/>\nDieses Buch m\u00f6chte ich allen widmen, die von sich selber denken, sie k\u00f6nnten nichts. Die auch wissen, dass sie nicht viel wollen. Dass sie kein gro\u00dfes Interesse an irgendetwas haben, weil sie keine Neugier und keinen Ehrgeiz besitzen. Mein Interesse besteht darin, dass alle so sein d\u00fcrfen! Dass alle so gelassen werden, wie sie sein wollen. Ohne Masken, ohne so tun zu m\u00fcssen, als wollten sie. Es gibt viele von uns! Viele, die nur Rollen in ihrem Leben auszuf\u00fcllen suchen, weil sie sonst keiner ernst nimmt. Ich m\u00f6chte, dass die Masken fallen d\u00fcrfen. Dass verletzbare, friedvolle, empfindsame Menschen darunter zum Vorschein<br \/>\nkommen d\u00fcrfen. Dass der Friede in uns Menschen einen verl\u00e4sslichen Ort findet, an dem er sein darf und sein sollte.<br \/>\nW\u00fcnschen w\u00fcrde ich mir, ich k\u00f6nnte von Anfang an schreiben, aber meine Erinnerung spielt sehr oft oder fast ausschlie\u00dflich mit mir Verstecken. Meine verlorenen Erinnerungen sind \u00fcberhaupt der Grund, weshalb ich meine kleinen, lebendigen Epis\u00f6dchen, die mir jetzt und heute im Ged\u00e4chtnis geblieben sind, aufschreibe. Ich schreibe hier meine Inventur, um mich vielleicht an das eine oder andere heranzutasten.<\/div>\n","protected":false},"featured_media":322,"template":"","meta":[],"product_brand":[],"product_cat":[22],"product_tag":[51,48,44,46],"class_list":{"0":"post-320","1":"product","2":"type-product","3":"status-publish","4":"has-post-thumbnail","6":"product_cat-edition-alexeria","7":"product_tag-alkohol","8":"product_tag-biographie","9":"product_tag-internet","10":"product_tag-taschenbuch","12":"first","13":"instock","14":"shipping-taxable","15":"purchasable","16":"product-type-simple"},"_links":{"self":[{"href":"https:\/\/der-andere-trommler.de\/index.php?rest_route=\/wp\/v2\/product\/320","targetHints":{"allow":["GET"]}}],"collection":[{"href":"https:\/\/der-andere-trommler.de\/index.php?rest_route=\/wp\/v2\/product"}],"about":[{"href":"https:\/\/der-andere-trommler.de\/index.php?rest_route=\/wp\/v2\/types\/product"}],"wp:featuredmedia":[{"embeddable":true,"href":"https:\/\/der-andere-trommler.de\/index.php?rest_route=\/wp\/v2\/media\/322"}],"wp:attachment":[{"href":"https:\/\/der-andere-trommler.de\/index.php?rest_route=%2Fwp%2Fv2%2Fmedia&parent=320"}],"wp:term":[{"taxonomy":"product_brand","embeddable":true,"href":"https:\/\/der-andere-trommler.de\/index.php?rest_route=%2Fwp%2Fv2%2Fproduct_brand&post=320"},{"taxonomy":"product_cat","embeddable":true,"href":"https:\/\/der-andere-trommler.de\/index.php?rest_route=%2Fwp%2Fv2%2Fproduct_cat&post=320"},{"taxonomy":"product_tag","embeddable":true,"href":"https:\/\/der-andere-trommler.de\/index.php?rest_route=%2Fwp%2Fv2%2Fproduct_tag&post=320"}],"curies":[{"name":"wp","href":"https:\/\/api.w.org\/{rel}","templated":true}]}}