{"id":118,"date":"2019-09-25T13:12:08","date_gmt":"2019-09-25T11:12:08","guid":{"rendered":"https:\/\/shop06.der-andere-trommler.de\/?post_type=product&#038;p=118"},"modified":"2021-03-07T14:32:57","modified_gmt":"2021-03-07T13:32:57","slug":"ein-mauerbluemchen-packt-die-koffer-erscheint-am-16-10-2019","status":"publish","type":"product","link":"https:\/\/der-andere-trommler.de\/?product=ein-mauerbluemchen-packt-die-koffer-erscheint-am-16-10-2019","title":{"rendered":"Ein Mauerbl\u00fcmchen packt die Koffer"},"content":{"rendered":"<div id=\"ember760\" class=\"ember-view\">\n<div class=\"form-group \">\n<div class=\"col-sm-8\">Aus dem Vorwort:<\/div>\n<div class=\"col-sm-8\">Es gab eine Zeit, in der gab es in Berlin eine Mauer. Die Rede ist nicht von unserer mittelalterlichen Stadtmauer, die die damalige Doppelstadt Berlin-C\u00f6lln umschloss und noch heute mit ihren historischen \u00dcberresten Touristen und Historiker in die Littenstra\u00dfe lockt. Die Mauer, von der hier die Rede ist, war eine Wunde, eine tiefe Wunde, die infiziert und blutend fast drei Jahrzehnte lang der alten Stadt und ihrem Volk zusetzte, es zerm\u00fcrbte, unfrei machte, Familien zerriss und in zwei Lager teilte.<br \/>\nIhr nach Osten gebeugtes Haupt war von mehreren Stacheldrahtb\u00e4ndern wie mit einer Dornenkrone gekr\u00f6nt und wurde Tag und Nacht von bewaffneten Soldaten und scharf abgerichteten Hunden bewacht. Auf der \u00f6stlichen Seite der Mauer wurde sie ihrem Volk gerne als Stadtmauer, als Schutz vor faschistischen Feinden und Bollwerk f\u00fcr den Frieden verkauft. Aber die Berliner waren nicht dumm. Sie wussten von den scharfen Tretminen und Drahtverhauen, von den Wacht\u00fcrmen, Scheinwerfern und Alarmsirenen, die jeden, dem trotzdem ein \u00dcbersteigen der Mauer gelungen war, davon abhielt, den Weg gen Westen fortzusetzen. Sollte, trotz aller Risiken, auch dieser Weg erfolgreich gewesen sein, traf man auf den Zwilling der ersten Mauer. Mindestens 140 Menschen kamen hier ums Leben. Sie wurden erschossen, erlitten schwere Unf\u00e4lle und wurden ohne Hilfe liegen gelassen. Wer erwischt wurde und vorerst mit dem Leben davonkam, wurde wegen Fahnenflucht eingesperrt, gefoltert und jeglicher Menschenrechte beraubt.<br \/>\n[&#8230;]<br \/>\nBis in die heutige Zeit hat mich die Zeit der Mauer nicht losgelassen. Sie hat mich gepr\u00e4gt und ver\u00e4ngstigt, nachdenklich gemacht und mich so emp\u00f6rt, dass ich letztendlich den Mut hatte, dem Betonklotz die Stirn zu bieten. Den Beulen, Blessuren, dem Abschiedsschmerz und den psychischen Belastungen habe ich diesen Stolz, es erhobenen Hauptes mit meinen drei Kindern und Ehemann in den Westen geschafft zu haben, entgegenzusetzen.<\/div>\n<div class=\"col-sm-8\">Ein Heimatempfinden kann f\u00fcr mich nur in Verbindung mit Freiheit aufkommen.<\/div>\n<\/div>\n<\/div>\n","protected":false},"excerpt":{"rendered":"<p class=\"form-control-static\">Ein Mauerbl\u00fcmchen packt die Koffer &#8211; Vom H\u00fcben und Dr\u00fcben einer echten Berliner Pflanze<\/p>\n<p>Dieses Buch erz\u00e4hlt die Geschichte eines kleinen katholischen M\u00e4dchens und seiner Entwicklung zur Frau und dreifachen Mutter im Osten Berlins &#8211; vor dem Hintergrund der Geschichte der Berliner Mauer, des Eisernen Vorhanges und des Kalten Krieges. Wir begleiten eine phantasievolle, willensstarke und bisweilen trotzige Pers\u00f6nlichkeit, die sich \u00fcber Gott und die Welt Gedanken macht und ihr eigenes Leben entsprechend einzurichten versucht. Viele widerspr\u00fcchliche, liebenswerte und unberechenbare Charaktere begleiten sie durch ihr Leben, bis sie sich im Jahre 1984 zusammen mit ihrem Mann entschlie\u00dft, die DDR zu verlassen.<\/p>\n<p>Schonmal reinschauen? Hier k\u00f6nnen Sie die gesamte Titelei (Cover, Titelseite, Impressum, Inhaltsverzeichnis, Vorwort) als pdf-Datei ansehen bzw. herunterladen:<br \/>\n<a href=\"https:\/\/shop06.der-andere-trommler.de\/wp-content\/uploads\/2019\/10\/titelei_mauerbluemchen01.pdf\">Titelei &#8222;Ein Mauerbl\u00fcmchen packt die Koffer&#8220;<\/a><\/p>\n","protected":false},"featured_media":119,"template":"","meta":[],"product_brand":[],"product_cat":[22],"product_tag":[31,32,30,29],"class_list":{"0":"post-118","1":"product","2":"type-product","3":"status-publish","4":"has-post-thumbnail","6":"product_cat-edition-alexeria","7":"product_tag-ddr","8":"product_tag-mauerbluemchen","9":"product_tag-mauerfall","10":"product_tag-piechnik","12":"first","13":"instock","14":"shipping-taxable","15":"purchasable","16":"product-type-simple"},"_links":{"self":[{"href":"https:\/\/der-andere-trommler.de\/index.php?rest_route=\/wp\/v2\/product\/118","targetHints":{"allow":["GET"]}}],"collection":[{"href":"https:\/\/der-andere-trommler.de\/index.php?rest_route=\/wp\/v2\/product"}],"about":[{"href":"https:\/\/der-andere-trommler.de\/index.php?rest_route=\/wp\/v2\/types\/product"}],"wp:featuredmedia":[{"embeddable":true,"href":"https:\/\/der-andere-trommler.de\/index.php?rest_route=\/wp\/v2\/media\/119"}],"wp:attachment":[{"href":"https:\/\/der-andere-trommler.de\/index.php?rest_route=%2Fwp%2Fv2%2Fmedia&parent=118"}],"wp:term":[{"taxonomy":"product_brand","embeddable":true,"href":"https:\/\/der-andere-trommler.de\/index.php?rest_route=%2Fwp%2Fv2%2Fproduct_brand&post=118"},{"taxonomy":"product_cat","embeddable":true,"href":"https:\/\/der-andere-trommler.de\/index.php?rest_route=%2Fwp%2Fv2%2Fproduct_cat&post=118"},{"taxonomy":"product_tag","embeddable":true,"href":"https:\/\/der-andere-trommler.de\/index.php?rest_route=%2Fwp%2Fv2%2Fproduct_tag&post=118"}],"curies":[{"name":"wp","href":"https:\/\/api.w.org\/{rel}","templated":true}]}}